{"id":2050,"date":"2020-02-15T08:59:12","date_gmt":"2020-02-15T08:59:12","guid":{"rendered":"http:\/\/www.apartamentsportbell.com\/?post_type=mphb_room_type&#038;p=89"},"modified":"2020-02-15T08:59:12","modified_gmt":"2020-02-15T08:59:12","slug":"appartement-3-chambres","status":"publish","type":"mphb_room_type","link":"https:\/\/www.apartamentsportbell.com\/index.php\/fr\/accommodation\/appartement-3-chambres\/","title":{"rendered":"Appartement Portbell Xancleta"},"content":{"rendered":"<p>Spacieux appartement de 3 chambres au centre de la vieille ville de L\u2019Escala, \u00e0 2 minutes des plages des Barques et du Port d\u2019en Perris.<\/p>\n<p>Parfait pour les familles ou un groupe d\u2019amis.<\/p>\n<p>Enti\u00e8rement \u00e9quip\u00e9 : four, lave-vaisselle, lave-linge, cafeti\u00e8re, micro-ondes&#8230;<\/p>\n<p>Option de stationnement gratuite pr\u00e8s de l\u2019appartement tout au long de votre s\u00e9jour, car il est situ\u00e9 dans la zone pi\u00e9tonne de la vieille ville.<\/p>\n","protected":false},"excerpt":{"rendered":"<p>Spacieux appartement de 3 chambres au centre de la vieille ville de L\u2019Escala, \u00e0 2 minutes des plages des Barques et du Port d\u2019en Perris. Parfait pour les familles ou un groupe d\u2019amis. Enti\u00e8rement \u00e9quip\u00e9 : four, lave-vaisselle, lave-linge, cafeti\u00e8re, micro-ondes&#8230; Option de stationnement gratuite pr\u00e8s de l\u2019appartement tout au long de votre s\u00e9jour, car &hellip; <a href=\"https:\/\/www.apartamentsportbell.com\/index.php\/fr\/accommodation\/appartement-3-chambres\/\" class=\"more-link\">Continue reading<span class=\"screen-reader-text\"> &#8220;Appartement Portbell Xancleta&#8221;<\/span><\/a><\/p>\n","protected":false},"featured_media":1445,"menu_order":0,"comment_status":"closed","ping_status":"closed","template":"","mphb_room_type_category":[],"mphb_room_type_tag":[],"mphb_room_type_facility":[152,125,141,243,201,223,179,234,212],"class_list":["post-2050","mphb_room_type","type-mphb_room_type","status-publish","has-post-thumbnail","hentry","mphb_room_type_facility-cafetiere-electrica-ca","mphb_room_type_facility-chauffage","mphb_room_type_facility-cuisine-entierement-equipee","mphb_room_type_facility-four","mphb_room_type_facility-lave-vaisselle","mphb_room_type_facility-micro-ondes-ac","mphb_room_type_facility-stationnement-ca","mphb_room_type_facility-ustensiles-de-cuisine","mphb_room_type_facility-ventilateur-de-plafond","mphb-room-type-adults-1","mphb-room-type-children-0","has-taxes-and-fees"],"jetpack_sharing_enabled":true,"_links":{"self":[{"href":"https:\/\/www.apartamentsportbell.com\/index.php\/wp-json\/wp\/v2\/mphb_room_type\/2050","targetHints":{"allow":["GET"]}}],"collection":[{"href":"https:\/\/www.apartamentsportbell.com\/index.php\/wp-json\/wp\/v2\/mphb_room_type"}],"about":[{"href":"https:\/\/www.apartamentsportbell.com\/index.php\/wp-json\/wp\/v2\/types\/mphb_room_type"}],"replies":[{"embeddable":true,"href":"https:\/\/www.apartamentsportbell.com\/index.php\/wp-json\/wp\/v2\/comments?post=2050"}],"version-history":[{"count":0,"href":"https:\/\/www.apartamentsportbell.com\/index.php\/wp-json\/wp\/v2\/mphb_room_type\/2050\/revisions"}],"wp:featuredmedia":[{"embeddable":true,"href":"https:\/\/www.apartamentsportbell.com\/index.php\/wp-json\/wp\/v2\/media\/1445"}],"wp:attachment":[{"href":"https:\/\/www.apartamentsportbell.com\/index.php\/wp-json\/wp\/v2\/media?parent=2050"}],"wp:term":[{"taxonomy":"mphb_room_type_category","embeddable":true,"href":"https:\/\/www.apartamentsportbell.com\/index.php\/wp-json\/wp\/v2\/mphb_room_type_category?post=2050"},{"taxonomy":"mphb_room_type_tag","embeddable":true,"href":"https:\/\/www.apartamentsportbell.com\/index.php\/wp-json\/wp\/v2\/mphb_room_type_tag?post=2050"},{"taxonomy":"mphb_room_type_facility","embeddable":true,"href":"https:\/\/www.apartamentsportbell.com\/index.php\/wp-json\/wp\/v2\/mphb_room_type_facility?post=2050"}],"curies":[{"name":"wp","href":"https:\/\/api.w.org\/{rel}","templated":true}]}}

<p>Spacieux appartement de 3 chambres au centre de la vieille ville de L’Escala, à 2 minutes des plages des Barques et du Port d’en Perris.</p>
<p>Parfait pour les familles ou un groupe d’amis.</p>
<p>Entièrement équipé : four, lave-vaisselle, lave-linge, cafetière, micro-ondes&#8230;</p>
<p>Option de stationnement gratuite près de l’appartement tout au long de votre séjour, car il est situé dans la zone piétonne de la vieille ville.</p>

<p>Spacieux appartement de 3 chambres au centre de la vieille ville de L’Escala, à 2 minutes des plages des Barques et du Port d’en Perris. Parfait pour les familles ou un groupe d’amis. Entièrement équipé : four, lave-vaisselle, lave-linge, cafetière, micro-ondes&#8230; Option de stationnement gratuite près de l’appartement tout au long de votre séjour, car &hellip; <a href="https://www.apartamentsportbell.com/index.php/fr/accommodation/appartement-3-chambres/" class="more-link">Continue reading<span class="screen-reader-text"> &#8220;Appartement Portbell Xancleta&#8221;</span></a></p>
